 of a.
3
Let w(z) = z**3 - 6*z**2 + 5*z - 6. Let t(c) = -c**2 + 7*c + 5. Let g be t(7). Let u be w(g). Let y = u + 9. List the prime factors of y.
3
Suppose 2*s - 6*s + 2*c + 20 = 0, 4*s + 3*c = 10. Suppose s*g + 0*g - 40 = 0. What are the prime factors of g?
2, 5
Suppose -154 = -3*m + 4*a, 0 = 2*m - 3*m - 3*a + 60. Let b = 122 - m. Suppose -5*h + 2*s + b = -0*s, -5*h = 4*s - 44. List the prime factors of h.
2, 3
Let a = -7 + 12. Suppose -33 = h - 6*h - 3*l, a*h - 26 = 4*l. What are the prime factors of h?
2, 3
Let m = 5 - -1. Let t be (-20)/m*6/(-2). Suppose 7*h - 2*d = 3*h + 2, -5*h = -d - t. What are the prime factors of h?
3
Suppose -2*h - h = -6. Suppose 4*d = 6*w - 3*w - 10, -h*d - 14 = -3*w. What are the prime factors of w?
2, 3
Let w(b) = 5*b**2 + 5*b - 31. Let q be (-37)/(-5) + 2/(-5). Let j(c) = 3*c**2 + 3*c - 16. Let g(s) = q*j(s) - 4*w(s). List the prime factors of g(0).
2, 3
Let f be (2/(-3))/((-4)/(-6)). Let v = f - -3. What are the prime factors of 10 + (3 - 4 - v)?
7
Let k(n) = n**3 + 7*n**2 + 2*n. List the prime factors of k(-6).
2, 3
Let d = -35 + 74. List the prime factors of d.
3, 13
Let n = 4 - 0. Let w = 25 - n. List the prime factors of w.
3, 7
Let i be (-351)/(-65) - 4/10. Suppose 70 = 5*o - 5*f, i*o + 0*f = 4*f + 65. What are the prime factors of o?
3
Let c(y) = y**2 - 5. What are the prime factors of c(6)?
31
Let m(h) = 22*h**2 + h. Let s be m(1). Let r(p) = -p**2 - 3*p + 12. Let c be r(-6). Let k = c + s. List the prime factors of k.
17
Suppose 5*k = -2*k + 329. What are the prime factors of k?
47
Let v be -5 + 1 + 1 - -6. Suppose -d - 25 + 5 = -v*l, -l + 44 = -3*d. List the prime factors of -1 - -1 - (d - 2).
2
Let f = 12 + 9. What are the prime factors of f?
3, 7
Let y = -6 + 13. Suppose y*d - 116 = 3*d. List the prime factors of d.
29
Let x(l) = 3*l**2 + 2 - l - 4*l + l. What are the prime factors of x(2)?
2, 3
Let n(i) = i**2 - 7*i + 3. Let w be n(5). Let s = w - -17. List the prime factors of s.
2, 5
Suppose -2*h + 408 = -2*d, -4*d + 808 = 4*h - 6*d. List the prime factors of h.
2, 5
Let n be 3/(2 + (-3)/3). Suppose -a - 2*a - 4*v + n = 0, -4*a + 4 = 5*v. Let o = a - -8. List the prime factors of o.
3
Suppose 88 = 3*h - 176. Let y = h + -40. List the prime factors of y.
2, 3
Let k(q) = 3*q + 7 - 2*q - 5*q + 3*q. What are the prime factors of k(-10)?
17
Let h = 1 + 3. Let m be 50/h*42/35. Let s = m + 0. What are the prime factors of s?
3, 5
Suppose 0 = -y + 2 + 3. Suppose -4*q = y*c - 11, -4*c + 4 = 8. Let t = q - -7. What are the prime factors of t?
11
Let v(u) = u**2 - 3*u + 8. Let c be v(8). Suppose 0*m + 4*m - c = 0. What are the prime factors of m?
2, 3
Suppose -3*d - 1 = -4. Suppose 0 = 3*q + 3*m - 15, -2*q + 4*m = -3 - d. Suppose -r + 14 = -5*n, -2*n - 17 = -q*r + 3. List the prime factors of r.
2
Let o = 25 + -15. What are the prime factors of (1*-1)/(o/(-190))?
19
Let b = 3 - 6. Let x be (-3)/(b/(-75) - 0). What are the prime factors of (-2)/8 + x/(-12)?
2, 3
List the prime factors of 414/8 - 3/(-12).
2, 13
Suppose a + 137 = v - 4*a, 5*v + 5*a = 715. List the prime factors of v.
2, 71
Suppose 4*f = -4, s - 2*f = -f - 10. Let l = -7 - s. Suppose l*x + 3*m = 3*x + 16, x - 16 = -m. What are the prime factors of x?
2
Suppose 2*s + 0*s + 5*g = 33, 5*s - 5*g = 135. What are the prime factors of s?
2, 3
Let d = 6 + 2. Let w be (-2)/d*4*1. What are the prime factors of 1 - 16/(w/1)?
17
Let h(c) = 137*c**2 - c - 1. List the prime factors of h(1).
3, 5
Let l be -1 - (-2 - -3 - 4). Let z(j) = 2*j**2 + 3*j - 3. Let b be z(l). What are the prime factors of (6 - b)/(2/(-6))?
3, 5
Let h = 6 + -2. Suppose -2*f = -7*f - 3*v + 68, h*f + 5*v - 57 = 0. List the prime factors of f.
13
Suppose 2*z - 6 = -2. Suppose -a - a = -p + z, -2*p - 2*a = -34. List the prime factors of p.
2, 3
Let f(u) = u**2 - 7*u + 9. Let i be (28/(-6))/(4/(-6)). What are the prime factors of f(i)?
3
Let q be (-1)/((-1)/(9 - -2)). Suppose 5*k + 53 - 13 = -5*s, -4*k + 3*s - 25 = 0. Let w = k + q. What are the prime factors of w?
2
Suppose 5*t - 62 = 103. List the prime factors of t.
3, 11
Let i be 1/(-1*1/9). What are the prime factors of 3*(195/i)/(-5)?
13
Let n be (-24)/(-9)*6/(-4). Let s = -14 - -8. What are the prime factors of n/6 + (-28)/s?
2
What are the prime factors of (-582)/(-10) + (-17)/85?
2, 29
Let i = 202 + -27. Suppose 4*t - i = 8*h - 3*h, 2*t = 10. Let k = -16 - h. What are the prime factors of k?
3, 5
Suppose -f + 15 = -0. What are the prime factors of f?
3, 5
Let i = -12 - -19. Suppose 2*s - 3*s = -l + i, 0 = s. List the prime factors of l.
7
Suppose -4*y + y + 5*z = -121, -3*y - 3*z = -81. Suppose y - 10 = b. List the prime factors of b.
2, 11
Suppose 3*j - 54 = 120. What are the prime factors of j?
2, 29
Let g(o) = 5*o. Let m be g(1). Suppose 0 = 5*u + j - 45, j - m*j = 3*u - 10. What are the prime factors of u?
2, 5
Suppose -h = -6*h + 100. Suppose -3*o + o + h = 0. List the prime factors of o.
2, 5
Let h(i) = -4*i + 0*i - i + 1. Let y be (-20)/8 + 3/6. What are the prime factors of h(y)?
11
Let v(w) be the first derivative of w**4/4 + 4*w**3/3 - 3*w**2 - 2*w - 2. What are the prime factors of v(-5)?
3
Let q(f) = f**2 - 5*f - 8. Let g be q(6). What are the prime factors of g + (-33)/(-4 + 1)?
3
Let k be (3 - (-3)/3)*6. Let g = -8 + k. What are the prime factors of g?
2
Let q = 0 - -3. Suppose 0 = q*p - 239 - 25. Suppose 5*d + 3*b = p, -4*d = -d + 2*b - 53. What are the prime factors of d?
17
List the prime factors of -2 - (-7)/1 - -2.
7
Suppose c + 13 = 2*c + 3*b, -5*c + 5 = -5*b. Let f(s) = -2*s**2 - 2 - s**3 - c + 4 - s. What are the prime factors of f(-3)?
2, 5
Let y = -51 + 59. List the prime factors of y.
2
Suppose -2*o + 4*l + 374 = 0, 0 = 2*l + l + 9. List the prime factors of o.
181
Suppose -b - 15 = -3*d - d, 2*d = 4*b - 10. Suppose d*n = z - 20, 4*z - n = n + 26. Suppose 2*x - y - z = 6, -7 = -2*x - 3*y. List the prime factors of x.
5
Let b(h) = h + 10. Let u be b(-5). Suppose 0 = -2*g + 5*o + 75, 0*g + 4*o = -g + u. List the prime factors of g.
5
Let t be (-36)/(-21) - (-2)/7. What are the prime factors of 1*2/(t/5)?
5
Suppose 0*b - 230 = -5*b. Let f = 25 - b. List the prime factors of (1*-3)/(7/f).
3
Let v(x) = -x**3 + 5*x**2 + x - 1. Let j be v(5). Let w be 2/(-2 + 0) - 2. List the prime factors of 1/((j/w)/(-4)).
3
Suppose 12 = -0*t + 2*t. Suppose -t*o = -o. Suppose 52 = 4*i + 4*n, -5*i = -o*i - 4*n - 38. List the prime factors of i.
2, 5
Suppose 0 = 4*n, -n + 93 + 7 = 4*j. Suppose 5*t + 33 = -4*i, 4*t - i + j = -14. Let c = 0 - t. List the prime factors of c.
3
Let k = 26 + -3. What are the prime factors of k?
23
Suppose 28 = 6*l - 4*l. List the prime factors of l.
2, 7
Let c = -2 + 6. Let a(m) = -m**2 + 7*m - 6. Let q be a(c). What are the prime factors of (-15)/5*(-16)/q?
2
Let s = -11 - -8. Let f(p) = -p**2 - 4*p + 3. Let k be f(-6). What are the prime factors of s*(60/k)/2?
2, 5
Suppose 0 = m + 2*b - 12, 2*b + 2*b = -3*m + 26. Suppose 0 = -m*w - 2*w + 56. List the prime factors of w.
2, 7
Let h(p) = -2*p**3 - 3*p**2 + 3*p - 3. Let g be h(-4). Let c = -45 + g. What are the prime factors of c?
2, 5
Suppose -93 - 22 = -5*o. What are the prime factors of o?
23
Suppose -2*a = -2*n - 4, -a = -5*a - 4*n + 16. Suppose 0 = -4*d - 3 + 35. Suppose a*r = d*r - 25. What are the prime factors of r?
5
Suppose 4*a = 3*b + 17, 0*a - b = a + 1. Let l = 18 + -17. List the prime factors of 1*(a - -17 - l).
2, 3
Let w(i) = 57*i**2 + 5*i - 6. List the prime factors of w(2).
2, 29
Let w = 8 + -5. Suppose -w*v - 45 = -4*u - 0*u, -14 = -u - 2*v. List the prime factors of u.
2, 3
Let j be 2/2*22/1. Suppose -10 = -3*v + 2*c, v + 4*c - j = -0*c. What are the prime factors of v?
2, 3
Suppose 5*f - 4 = 4*f. Suppose -z + 0*i + 7 = i, i = f*z - 18. Suppose 2*q + 24 = z*q. List the prime factors of q.
2
Suppose 0 = -s - 3*x - 4, 5*s - 6*x + 60 = -x. Let o = -16 - s. Let t = o + 8. List the prime factors of t.
2
Let j(n) = 7*n**3 - 7*n**2 + 3*n - 14. Let y(a) = 0*a**3 + a - 2 + 3 - a**3. Let o(v) = j(v) + 6*y(v). List the prime factors of o(6).
2, 5
Let z(s) = -s**2 - 6*s - 5. List the prime factors of z(-4).
3
Suppose 2*s + d - 97 = 0, -6*d + 15 = -d. List the prime factors of s.
47
Let c = -5 + 4. Let n be (-1)/(((-3)/(-6))/c). Suppose 5*